{"id":539,"date":"2025-12-02T12:38:51","date_gmt":"2025-12-02T12:38:51","guid":{"rendered":"https:\/\/cerrajeriaosfran.com\/?page_id=539"},"modified":"2025-12-02T12:44:04","modified_gmt":"2025-12-02T12:44:04","slug":"declaracion-de-accesibilidad","status":"publish","type":"page","link":"https:\/\/cerrajeriaosfran.com\/index.php\/declaracion-de-accesibilidad\/","title":{"rendered":"Declaraci\u00f3n de accesibilidad"},"content":{"rendered":"\t\t<div data-elementor-type=\"wp-page\" data-elementor-id=\"539\" class=\"elementor elementor-539\">\n\t\t\t\t<div class=\"elementor-element elementor-element-a1cbc6f e-flex e-con-boxed e-con e-parent\" data-id=\"a1cbc6f\" data-element_type=\"container\">\n\t\t\t\t\t<div class=\"e-con-inner\">\n\t\t\t\t<div class=\"elementor-element elementor-element-a8d1856 elementor-widget elementor-widget-heading\" data-id=\"a8d1856\" data-element_type=\"widget\" data-widget_type=\"heading.default\">\n\t\t\t\t\t<h1 class=\"elementor-heading-title elementor-size-default\">DECLARACI\u00d3N DE ACCESIBILIDAD<\/h1>\t\t\t\t<\/div>\n\t\t\t\t\t<\/div>\n\t\t\t\t<\/div>\n\t\t<div class=\"elementor-element elementor-element-ecf0bb0 e-flex e-con-boxed e-con e-parent\" data-id=\"ecf0bb0\" data-element_type=\"container\">\n\t\t\t\t\t<div class=\"e-con-inner\">\n\t\t\t\t<div class=\"elementor-element elementor-element-fe9fcb7 elementor-widget elementor-widget-text-editor\" data-id=\"fe9fcb7\" data-element_type=\"widget\" data-widget_type=\"text-editor.default\">\n\t\t\t\t\t\t\t\t\t<p data-start=\"162\" data-end=\"374\"><strong data-start=\"162\" data-end=\"187\">Cerrajer\u00eda Osfran<\/strong>\u00a0se compromete a hacer accesible su sitio web conforme al\u00a0<strong data-start=\"245\" data-end=\"291\">Real Decreto 1112\/2018, de 7 de septiembre<\/strong>, sobre accesibilidad de los sitios web y aplicaciones para dispositivos m\u00f3viles.<\/p><p data-start=\"376\" data-end=\"475\">La presente declaraci\u00f3n de accesibilidad se aplica al sitio web www.cerrajeriaosfran.com<\/p><h2 data-start=\"482\" data-end=\"512\">Situaci\u00f3n de cumplimiento<\/h2><p data-start=\"514\" data-end=\"662\">Este sitio web es plenamente conforme con el Real Decreto 1112\/2018, debido a que cumple todos los requisitos aplicables de la norma UNE-EN 301 549:2022 (WCAG 2.1 nivel AA).<\/p><p data-start=\"664\" data-end=\"766\">El grado de cumplimiento estimado es del\u00a0<strong data-start=\"705\" data-end=\"713\">100 %<\/strong>, seg\u00fan la \u00faltima autoevaluaci\u00f3n interna realizada.<\/p><h2 data-start=\"1075\" data-end=\"1102\">Contenido no accesible<\/h2><p data-start=\"1103\" data-end=\"1360\">No existen documentos PDF, contenidos descargables ni servicios de terceros fuera del alcance.<\/p><hr data-start=\"1516\" data-end=\"1519\" \/><h2 data-start=\"1521\" data-end=\"1581\">Preparaci\u00f3n de la presente declaraci\u00f3n de accesibilidad<\/h2><p data-start=\"1583\" data-end=\"1655\">La presente declaraci\u00f3n fue preparada el <strong data-start=\"1624\" data-end=\"1652\">4 de Diciembre de 2025.<\/strong><\/p><p data-start=\"1657\" data-end=\"1812\">El m\u00e9todo empleado ha sido una\u00a0<strong data-start=\"1688\" data-end=\"1714\">autoevaluaci\u00f3n interna<\/strong>\u00a0realizada por Commercial B2B SC con el apoyo de herramientas autom\u00e1ticas y revisi\u00f3n manual.<\/p><p data-start=\"1657\" data-end=\"1812\">La pr\u00f3xima revisi\u00f3n de accesibilidad se realizar\u00e1 en un plazo m\u00e1ximo de\u00a0<strong data-start=\"1615\" data-end=\"1627\">12 meses<\/strong>\u00a0desde la fecha indicada.<\/p><hr data-start=\"1814\" data-end=\"1817\" \/><h2 data-start=\"1819\" data-end=\"1857\">Observaciones y datos de contacto<\/h2><p data-start=\"1859\" data-end=\"1989\">Puede comunicar incumplimientos de accesibilidad, transmitir otras dificultades en el acceso al contenido o realizar cualquier consulta relacionada con la accesibilidad a trav\u00e9s de:<\/p><p data-start=\"2207\" data-end=\"2226\">V\u00edas de contacto:<\/p><ul data-start=\"2227\" data-end=\"2373\"><li data-start=\"2280\" data-end=\"2338\"><p data-start=\"2282\" data-end=\"2338\"><strong data-start=\"2282\" data-end=\"2305\">Correo electr\u00f3nico:<\/strong> cerrajeriaosfran.com<\/p><\/li><li data-start=\"2339\" data-end=\"2373\"><p data-start=\"2341\" data-end=\"2373\"><strong data-start=\"2341\" data-end=\"2354\">Tel\u00e9fono:<\/strong> +34 639089406<\/p><\/li><\/ul><p data-start=\"2375\" data-end=\"2465\">Las comunicaciones ser\u00e1n recibidas y tratadas por la direcci\u00f3n de Cerrajer\u00eda Osfran.<\/p><hr data-start=\"2467\" data-end=\"2470\" \/><h2 data-start=\"2472\" data-end=\"2495\">Contenido opcional<\/h2><p data-start=\"2497\" data-end=\"2757\">El sitio web est\u00e1 optimizado para los principales navegadores actuales. Adem\u00e1s de las ayudas de accesibilidad que ofrecen los navegadores y sistemas operativos, este sitio web puede incorporar funcionalidades adicionales de apoyo a la navegaci\u00f3n, tales como:<\/p><ul data-start=\"2759\" data-end=\"2938\"><li data-start=\"2759\" data-end=\"2805\"><p data-start=\"2761\" data-end=\"2805\">Aumento \/ disminuci\u00f3n del tama\u00f1o de texto.<\/p><\/li><li data-start=\"2806\" data-end=\"2827\"><p data-start=\"2808\" data-end=\"2827\">Escala de grises.<\/p><\/li><li data-start=\"2828\" data-end=\"2847\"><p data-start=\"2830\" data-end=\"2847\">Alto contraste.<\/p><\/li><li data-start=\"2848\" data-end=\"2871\"><p data-start=\"2850\" data-end=\"2871\">Contraste negativo.<\/p><\/li><li data-start=\"2872\" data-end=\"2888\"><p data-start=\"2874\" data-end=\"2888\">Fondo claro.<\/p><\/li><li data-start=\"2889\" data-end=\"2914\"><p data-start=\"2891\" data-end=\"2914\">Subrayado de enlaces.<\/p><\/li><li data-start=\"2915\" data-end=\"2938\"><p data-start=\"2917\" data-end=\"2938\">Tipograf\u00eda legible.<\/p><\/li><\/ul><p><img fetchpriority=\"high\" decoding=\"async\" class=\"alignnone wp-image-541 size-large\" src=\"https:\/\/spcdn.shortpixel.ai\/spio\/ret_img,q_cdnize,to_auto,s_webp:avif\/cerrajeriaosfran.com\/wp-content\/uploads\/2025\/12\/Captura-de-pantalla-2025-12-02-134246-1024x475.png\" alt=\"\" width=\"843\" height=\"391\" srcset=\"https:\/\/spcdn.shortpixel.ai\/spio\/ret_img,q_cdnize,to_auto,s_webp:avif\/cerrajeriaosfran.com\/wp-content\/uploads\/2025\/12\/Captura-de-pantalla-2025-12-02-134246-1024x475.png 1024w, https:\/\/spcdn.shortpixel.ai\/spio\/ret_img,q_cdnize,to_auto,s_webp:avif\/cerrajeriaosfran.com\/wp-content\/uploads\/2025\/12\/Captura-de-pantalla-2025-12-02-134246-300x139.png 300w, https:\/\/spcdn.shortpixel.ai\/spio\/ret_img,q_cdnize,to_auto,s_webp:avif\/cerrajeriaosfran.com\/wp-content\/uploads\/2025\/12\/Captura-de-pantalla-2025-12-02-134246-768x356.png 768w, https:\/\/spcdn.shortpixel.ai\/spio\/ret_img,q_cdnize,to_auto,s_webp:avif\/cerrajeriaosfran.com\/wp-content\/uploads\/2025\/12\/Captura-de-pantalla-2025-12-02-134246-1536x713.png 1536w, https:\/\/spcdn.shortpixel.ai\/spio\/ret_img,q_cdnize,to_auto,s_webp:avif\/cerrajeriaosfran.com\/wp-content\/uploads\/2025\/12\/Captura-de-pantalla-2025-12-02-134246.png 1882w\" sizes=\"(max-width: 843px) 100vw, 843px\" \/><\/p><p data-start=\"2940\" data-end=\"3075\">Este sitio web se encuentra en continua\u00a0<strong data-start=\"2980\" data-end=\"3012\">modificaci\u00f3n y actualizaci\u00f3n<\/strong>\u00a0para corregir errores detectados y mejorar su accesibilidad.<\/p><hr data-start=\"3077\" data-end=\"3080\" \/><h2 data-start=\"3082\" data-end=\"3105\">Atajos del teclado<\/h2><p data-start=\"3107\" data-end=\"3228\">Algunas funciones b\u00e1sicas pueden realizarse mediante atajos de teclado (dependiendo del navegador y sistema operativo):<\/p><div class=\"_tableContainer_1rjym_1\"><div class=\"group _tableWrapper_1rjym_13 flex w-fit flex-col-reverse\" tabindex=\"-1\"><table class=\"w-fit min-w-(--thread-content-width)\" data-start=\"3230\" data-end=\"3818\"><thead data-start=\"3230\" data-end=\"3260\"><tr data-start=\"3230\" data-end=\"3260\"><th data-start=\"3230\" data-end=\"3240\" data-col-size=\"sm\">Funci\u00f3n<\/th><th data-start=\"3240\" data-end=\"3260\" data-col-size=\"sm\">Atajo de teclado<\/th><\/tr><\/thead><tbody data-start=\"3292\" data-end=\"3818\"><tr data-start=\"3292\" data-end=\"3327\"><td data-start=\"3292\" data-end=\"3320\" data-col-size=\"sm\">Ir al contenido principal<\/td><td data-start=\"3320\" data-end=\"3327\" data-col-size=\"sm\">Tab<\/td><\/tr><tr data-start=\"3328\" data-end=\"3367\"><td data-start=\"3328\" data-end=\"3355\" data-col-size=\"sm\">Aumentar tama\u00f1o de texto<\/td><td data-start=\"3355\" data-end=\"3367\" data-col-size=\"sm\">Ctrl + +<\/td><\/tr><tr data-start=\"3368\" data-end=\"3408\"><td data-start=\"3368\" data-end=\"3396\" data-col-size=\"sm\">Disminuir tama\u00f1o de texto<\/td><td data-start=\"3396\" data-end=\"3408\" data-col-size=\"sm\">Ctrl + \u2013<\/td><\/tr><tr data-start=\"3409\" data-end=\"3452\"><td data-start=\"3409\" data-end=\"3440\" data-col-size=\"sm\">Restaurar tama\u00f1o por defecto<\/td><td data-start=\"3440\" data-end=\"3452\" data-col-size=\"sm\">Ctrl + 0<\/td><\/tr><tr data-start=\"3453\" data-end=\"3487\"><td data-start=\"3453\" data-end=\"3482\" data-col-size=\"sm\">Ir al siguiente encabezado<\/td><td data-start=\"3482\" data-end=\"3487\" data-col-size=\"sm\">H<\/td><\/tr><tr data-start=\"3488\" data-end=\"3529\"><td data-start=\"3488\" data-end=\"3516\" data-col-size=\"sm\">Ir al encabezado anterior<\/td><td data-start=\"3516\" data-end=\"3529\" data-col-size=\"sm\">Shift + H<\/td><\/tr><tr data-start=\"3530\" data-end=\"3560\"><td data-start=\"3530\" data-end=\"3555\" data-col-size=\"sm\">Ir al siguiente enlace<\/td><td data-start=\"3555\" data-end=\"3560\" data-col-size=\"sm\">K<\/td><\/tr><tr data-start=\"3561\" data-end=\"3598\"><td data-start=\"3561\" data-end=\"3585\" data-col-size=\"sm\">Ir al enlace anterior<\/td><td data-start=\"3585\" data-end=\"3598\" data-col-size=\"sm\">Shift + K<\/td><\/tr><tr data-start=\"3599\" data-end=\"3654\"><td data-start=\"3599\" data-end=\"3635\" data-col-size=\"sm\">Activar\/desactivar alto contraste<\/td><td data-start=\"3635\" data-end=\"3654\" data-col-size=\"sm\">Alt + Shift + H<\/td><\/tr><tr data-start=\"3655\" data-end=\"3684\"><td data-start=\"3655\" data-end=\"3679\" data-col-size=\"sm\">Ir al siguiente bot\u00f3n<\/td><td data-start=\"3679\" data-end=\"3684\" data-col-size=\"sm\">B<\/td><\/tr><tr data-start=\"3685\" data-end=\"3721\"><td data-start=\"3685\" data-end=\"3708\" data-col-size=\"sm\">Ir al bot\u00f3n anterior<\/td><td data-start=\"3708\" data-end=\"3721\" data-col-size=\"sm\">Shift + B<\/td><\/tr><tr data-start=\"3722\" data-end=\"3765\"><td data-start=\"3722\" data-end=\"3760\" data-col-size=\"sm\">Ir al siguiente campo de formulario<\/td><td data-start=\"3760\" data-end=\"3765\" data-col-size=\"sm\">F<\/td><\/tr><tr data-start=\"3766\" data-end=\"3818\"><td data-start=\"3766\" data-end=\"3803\" data-col-size=\"sm\">Ir al campo de formulario anterior<\/td><td data-start=\"3803\" data-end=\"3818\" data-col-size=\"sm\">Shift + F<\/td><\/tr><\/tbody><\/table><\/div><\/div><hr data-start=\"3820\" data-end=\"3823\" \/><h2 data-start=\"1976\" data-end=\"2008\">Procedimiento de aplicaci\u00f3n<\/h2><p data-start=\"2009\" data-end=\"2231\">Si una solicitud de informaci\u00f3n accesible o queja es desestimada, o la respuesta no cumple los requisitos del art\u00edculo 12.5 del Real Decreto 1112\/2018, la persona usuaria podr\u00e1 presentar una reclamaci\u00f3n formal solicitando:<\/p><ul data-start=\"2233\" data-end=\"2362\"><li data-start=\"2233\" data-end=\"2283\"><p data-start=\"2235\" data-end=\"2283\">Explicaci\u00f3n de los motivos de la desestimaci\u00f3n<\/p><\/li><li data-start=\"2284\" data-end=\"2311\"><p data-start=\"2286\" data-end=\"2311\">Revisi\u00f3n de la decisi\u00f3n<\/p><\/li><li data-start=\"2312\" data-end=\"2362\"><p data-start=\"2314\" data-end=\"2362\">O adopci\u00f3n de las medidas correctoras necesarias<\/p><\/li><\/ul><p data-start=\"2364\" data-end=\"2542\">Las reclamaciones ser\u00e1n gestionadas por el titular del sitio web a trav\u00e9s del correo indicado anteriormente, garantizando una respuesta en un plazo m\u00e1ximo de\u00a0<strong data-start=\"2522\" data-end=\"2541\">20 d\u00edas h\u00e1biles<\/strong>.<\/p>\t\t\t\t\t\t\t\t<\/div>\n\t\t\t\t\t<\/div>\n\t\t\t\t<\/div>\n\t\t\t\t<\/div>\n\t\t","protected":false},"excerpt":{"rendered":"<p>DECLARACI\u00d3N DE ACCESIBILIDAD Cerrajer\u00eda Osfran\u00a0se compromete a hacer accesible su sitio web conforme al\u00a0Real Decreto 1112\/2018, de 7 de septiembre, sobre accesibilidad de los sitios&hellip;<\/p>\n","protected":false},"author":1,"featured_media":0,"parent":0,"menu_order":0,"comment_status":"closed","ping_status":"closed","template":"","meta":{"footnotes":""},"class_list":["post-539","page","type-page","status-publish","hentry"],"yoast_head":"<!-- This site is optimized with the Yoast SEO plugin v26.5 - https:\/\/yoast.com\/wordpress\/plugins\/seo\/ -->\n<title>Declaraci\u00f3n de accesibilidad - Cerrajeria Osfran<\/title>\n<meta name=\"robots\" content=\"noindex, follow\" \/>\n<meta property=\"og:locale\" content=\"es_ES\" \/>\n<meta property=\"og:type\" content=\"article\" \/>\n<meta property=\"og:title\" content=\"Declaraci\u00f3n de accesibilidad - Cerrajeria Osfran\" \/>\n<meta property=\"og:description\" content=\"DECLARACI\u00d3N DE ACCESIBILIDAD Cerrajer\u00eda Osfran\u00a0se compromete a hacer accesible su sitio web conforme al\u00a0Real Decreto 1112\/2018, de 7 de septiembre, sobre accesibilidad de los sitios&hellip;\" \/>\n<meta property=\"og:url\" content=\"https:\/\/cerrajeriaosfran.com\/index.php\/declaracion-de-accesibilidad\/\" \/>\n<meta property=\"og:site_name\" content=\"Cerrajeria Osfran\" \/>\n<meta property=\"article:publisher\" content=\"https:\/\/www.facebook.com\/cerrajeriaosfran.osfran\" \/>\n<meta property=\"article:modified_time\" content=\"2025-12-02T12:44:04+00:00\" \/>\n<meta property=\"og:image\" content=\"https:\/\/cerrajeriaosfran.com\/wp-content\/uploads\/2025\/12\/Captura-de-pantalla-2025-12-02-134246.png\" \/>\n\t<meta property=\"og:image:width\" content=\"1882\" \/>\n\t<meta property=\"og:image:height\" content=\"873\" \/>\n\t<meta property=\"og:image:type\" content=\"image\/png\" \/>\n<meta name=\"twitter:card\" content=\"summary_large_image\" \/>\n<meta name=\"twitter:label1\" content=\"Tiempo de lectura\" \/>\n\t<meta name=\"twitter:data1\" content=\"3 minutos\" \/>\n<script type=\"application\/ld+json\" class=\"yoast-schema-graph\">{\"@context\":\"https:\/\/schema.org\",\"@graph\":[{\"@type\":\"WebPage\",\"@id\":\"https:\/\/cerrajeriaosfran.com\/index.php\/declaracion-de-accesibilidad\/\",\"url\":\"https:\/\/cerrajeriaosfran.com\/index.php\/declaracion-de-accesibilidad\/\",\"name\":\"Declaraci\u00f3n de accesibilidad - Cerrajeria Osfran\",\"isPartOf\":{\"@id\":\"https:\/\/cerrajeriaosfran.com\/#website\"},\"primaryImageOfPage\":{\"@id\":\"https:\/\/cerrajeriaosfran.com\/index.php\/declaracion-de-accesibilidad\/#primaryimage\"},\"image\":{\"@id\":\"https:\/\/cerrajeriaosfran.com\/index.php\/declaracion-de-accesibilidad\/#primaryimage\"},\"thumbnailUrl\":\"https:\/\/cerrajeriaosfran.com\/wp-content\/uploads\/2025\/12\/Captura-de-pantalla-2025-12-02-134246-1024x475.png\",\"datePublished\":\"2025-12-02T12:38:51+00:00\",\"dateModified\":\"2025-12-02T12:44:04+00:00\",\"breadcrumb\":{\"@id\":\"https:\/\/cerrajeriaosfran.com\/index.php\/declaracion-de-accesibilidad\/#breadcrumb\"},\"inLanguage\":\"es\",\"potentialAction\":[{\"@type\":\"ReadAction\",\"target\":[\"https:\/\/cerrajeriaosfran.com\/index.php\/declaracion-de-accesibilidad\/\"]}]},{\"@type\":\"ImageObject\",\"inLanguage\":\"es\",\"@id\":\"https:\/\/cerrajeriaosfran.com\/index.php\/declaracion-de-accesibilidad\/#primaryimage\",\"url\":\"https:\/\/cerrajeriaosfran.com\/wp-content\/uploads\/2025\/12\/Captura-de-pantalla-2025-12-02-134246.png\",\"contentUrl\":\"https:\/\/cerrajeriaosfran.com\/wp-content\/uploads\/2025\/12\/Captura-de-pantalla-2025-12-02-134246.png\",\"width\":1882,\"height\":873,\"caption\":\"Empresa especialista en cerrajer\u00eda y forja en Soria, atenci\u00f3n 24h, reparaci\u00f3n y apertura de puertas, cerrojos, rejas y m\u00e1s.\"},{\"@type\":\"BreadcrumbList\",\"@id\":\"https:\/\/cerrajeriaosfran.com\/index.php\/declaracion-de-accesibilidad\/#breadcrumb\",\"itemListElement\":[{\"@type\":\"ListItem\",\"position\":1,\"name\":\"Portada\",\"item\":\"https:\/\/cerrajeriaosfran.com\/\"},{\"@type\":\"ListItem\",\"position\":2,\"name\":\"Declaraci\u00f3n de accesibilidad\"}]},{\"@type\":\"WebSite\",\"@id\":\"https:\/\/cerrajeriaosfran.com\/#website\",\"url\":\"https:\/\/cerrajeriaosfran.com\/\",\"name\":\"Cerrajeria Osfran\",\"description\":\"\",\"publisher\":{\"@id\":\"https:\/\/cerrajeriaosfran.com\/#organization\"},\"potentialAction\":[{\"@type\":\"SearchAction\",\"target\":{\"@type\":\"EntryPoint\",\"urlTemplate\":\"https:\/\/cerrajeriaosfran.com\/?s={search_term_string}\"},\"query-input\":{\"@type\":\"PropertyValueSpecification\",\"valueRequired\":true,\"valueName\":\"search_term_string\"}}],\"inLanguage\":\"es\"},{\"@type\":\"Organization\",\"@id\":\"https:\/\/cerrajeriaosfran.com\/#organization\",\"name\":\"Cerrajeria Osfran\",\"url\":\"https:\/\/cerrajeriaosfran.com\/\",\"logo\":{\"@type\":\"ImageObject\",\"inLanguage\":\"es\",\"@id\":\"https:\/\/cerrajeriaosfran.com\/#\/schema\/logo\/image\/\",\"url\":\"https:\/\/cerrajeriaosfran.com\/wp-content\/uploads\/2025\/12\/Diseno-sin-titulo-5.png\",\"contentUrl\":\"https:\/\/cerrajeriaosfran.com\/wp-content\/uploads\/2025\/12\/Diseno-sin-titulo-5.png\",\"width\":400,\"height\":150,\"caption\":\"Cerrajeria Osfran\"},\"image\":{\"@id\":\"https:\/\/cerrajeriaosfran.com\/#\/schema\/logo\/image\/\"},\"sameAs\":[\"https:\/\/www.facebook.com\/cerrajeriaosfran.osfran\",\"https:\/\/www.instagram.com\/osfrancerrajeria\/\"]}]}<\/script>\n<!-- \/ Yoast SEO plugin. -->","yoast_head_json":{"title":"Declaraci\u00f3n de accesibilidad - Cerrajeria Osfran","robots":{"index":"noindex","follow":"follow"},"og_locale":"es_ES","og_type":"article","og_title":"Declaraci\u00f3n de accesibilidad - Cerrajeria Osfran","og_description":"DECLARACI\u00d3N DE ACCESIBILIDAD Cerrajer\u00eda Osfran\u00a0se compromete a hacer accesible su sitio web conforme al\u00a0Real Decreto 1112\/2018, de 7 de septiembre, sobre accesibilidad de los sitios&hellip;","og_url":"https:\/\/cerrajeriaosfran.com\/index.php\/declaracion-de-accesibilidad\/","og_site_name":"Cerrajeria Osfran","article_publisher":"https:\/\/www.facebook.com\/cerrajeriaosfran.osfran","article_modified_time":"2025-12-02T12:44:04+00:00","og_image":[{"width":1882,"height":873,"url":"https:\/\/cerrajeriaosfran.com\/wp-content\/uploads\/2025\/12\/Captura-de-pantalla-2025-12-02-134246.png","type":"image\/png"}],"twitter_card":"summary_large_image","twitter_misc":{"Tiempo de lectura":"3 minutos"},"schema":{"@context":"https:\/\/schema.org","@graph":[{"@type":"WebPage","@id":"https:\/\/cerrajeriaosfran.com\/index.php\/declaracion-de-accesibilidad\/","url":"https:\/\/cerrajeriaosfran.com\/index.php\/declaracion-de-accesibilidad\/","name":"Declaraci\u00f3n de accesibilidad - Cerrajeria Osfran","isPartOf":{"@id":"https:\/\/cerrajeriaosfran.com\/#website"},"primaryImageOfPage":{"@id":"https:\/\/cerrajeriaosfran.com\/index.php\/declaracion-de-accesibilidad\/#primaryimage"},"image":{"@id":"https:\/\/cerrajeriaosfran.com\/index.php\/declaracion-de-accesibilidad\/#primaryimage"},"thumbnailUrl":"https:\/\/cerrajeriaosfran.com\/wp-content\/uploads\/2025\/12\/Captura-de-pantalla-2025-12-02-134246-1024x475.png","datePublished":"2025-12-02T12:38:51+00:00","dateModified":"2025-12-02T12:44:04+00:00","breadcrumb":{"@id":"https:\/\/cerrajeriaosfran.com\/index.php\/declaracion-de-accesibilidad\/#breadcrumb"},"inLanguage":"es","potentialAction":[{"@type":"ReadAction","target":["https:\/\/cerrajeriaosfran.com\/index.php\/declaracion-de-accesibilidad\/"]}]},{"@type":"ImageObject","inLanguage":"es","@id":"https:\/\/cerrajeriaosfran.com\/index.php\/declaracion-de-accesibilidad\/#primaryimage","url":"https:\/\/cerrajeriaosfran.com\/wp-content\/uploads\/2025\/12\/Captura-de-pantalla-2025-12-02-134246.png","contentUrl":"https:\/\/cerrajeriaosfran.com\/wp-content\/uploads\/2025\/12\/Captura-de-pantalla-2025-12-02-134246.png","width":1882,"height":873,"caption":"Empresa especialista en cerrajer\u00eda y forja en Soria, atenci\u00f3n 24h, reparaci\u00f3n y apertura de puertas, cerrojos, rejas y m\u00e1s."},{"@type":"BreadcrumbList","@id":"https:\/\/cerrajeriaosfran.com\/index.php\/declaracion-de-accesibilidad\/#breadcrumb","itemListElement":[{"@type":"ListItem","position":1,"name":"Portada","item":"https:\/\/cerrajeriaosfran.com\/"},{"@type":"ListItem","position":2,"name":"Declaraci\u00f3n de accesibilidad"}]},{"@type":"WebSite","@id":"https:\/\/cerrajeriaosfran.com\/#website","url":"https:\/\/cerrajeriaosfran.com\/","name":"Cerrajeria Osfran","description":"","publisher":{"@id":"https:\/\/cerrajeriaosfran.com\/#organization"},"potentialAction":[{"@type":"SearchAction","target":{"@type":"EntryPoint","urlTemplate":"https:\/\/cerrajeriaosfran.com\/?s={search_term_string}"},"query-input":{"@type":"PropertyValueSpecification","valueRequired":true,"valueName":"search_term_string"}}],"inLanguage":"es"},{"@type":"Organization","@id":"https:\/\/cerrajeriaosfran.com\/#organization","name":"Cerrajeria Osfran","url":"https:\/\/cerrajeriaosfran.com\/","logo":{"@type":"ImageObject","inLanguage":"es","@id":"https:\/\/cerrajeriaosfran.com\/#\/schema\/logo\/image\/","url":"https:\/\/cerrajeriaosfran.com\/wp-content\/uploads\/2025\/12\/Diseno-sin-titulo-5.png","contentUrl":"https:\/\/cerrajeriaosfran.com\/wp-content\/uploads\/2025\/12\/Diseno-sin-titulo-5.png","width":400,"height":150,"caption":"Cerrajeria Osfran"},"image":{"@id":"https:\/\/cerrajeriaosfran.com\/#\/schema\/logo\/image\/"},"sameAs":["https:\/\/www.facebook.com\/cerrajeriaosfran.osfran","https:\/\/www.instagram.com\/osfrancerrajeria\/"]}]}},"_links":{"self":[{"href":"https:\/\/cerrajeriaosfran.com\/index.php\/wp-json\/wp\/v2\/pages\/539","targetHints":{"allow":["GET"]}}],"collection":[{"href":"https:\/\/cerrajeriaosfran.com\/index.php\/wp-json\/wp\/v2\/pages"}],"about":[{"href":"https:\/\/cerrajeriaosfran.com\/index.php\/wp-json\/wp\/v2\/types\/page"}],"author":[{"embeddable":true,"href":"https:\/\/cerrajeriaosfran.com\/index.php\/wp-json\/wp\/v2\/users\/1"}],"replies":[{"embeddable":true,"href":"https:\/\/cerrajeriaosfran.com\/index.php\/wp-json\/wp\/v2\/comments?post=539"}],"version-history":[{"count":4,"href":"https:\/\/cerrajeriaosfran.com\/index.php\/wp-json\/wp\/v2\/pages\/539\/revisions"}],"predecessor-version":[{"id":544,"href":"https:\/\/cerrajeriaosfran.com\/index.php\/wp-json\/wp\/v2\/pages\/539\/revisions\/544"}],"wp:attachment":[{"href":"https:\/\/cerrajeriaosfran.com\/index.php\/wp-json\/wp\/v2\/media?parent=539"}],"curies":[{"name":"wp","href":"https:\/\/api.w.org\/{rel}","templated":true}]}}